22)/(-1) + -4?
3, 7
Suppose -2*g - 12 + 98 = -2*s, 3*s + 5*g = -137. What are the prime factors of (-16)/4 - (s - -3)?
37
Let p = 55 - 27. Let c = p + -20. What are the prime factors of c?
2
Let b(p) = p**2 - 4*p + 6. List the prime factors of b(3).
3
Suppose 7 = 4*x - 17. Let f = x + -3. What are the prime factors of (-4 + f)/((-3)/12)?
2
Let d(m) = 45*m**3 - 2*m + 1. Let a be d(1). What are the prime factors of a/(1/((-2)/(-4)))?
2, 11
What are the prime factors of (-534)/(-27) + (-4)/(-18)?
2, 5
Suppose -6 - 14 = -4*n - 3*a, -n + 5 = -2*a. Suppose 0*q - n*q = -20. What are the prime factors of q?
2
Suppose 0 = z + 4*c - 11 - 10, -2*c = -z - 3. Suppose -2*x + z = -1. List the prime factors of x.
3
Suppose -g - 4*g = -30. Suppose -2*x - g = v - 20, -5*v + 4*x = -70. What are the prime factors of v?
2, 7
Let y(w) = 7*w**2 - 3*w + 2. Let k be (-4 - 1)*6/(-15). Let v be y(k). Let r = v + -13. What are the prime factors of r?
11
Let o(z) = 5*z + 34. List the prime factors of o(18).
2, 31
Let n = 62 + -26. What are the prime factors of n?
2, 3
Suppose -3*p = -31 - 128. Suppose 5*v = 2*a - a + p, v - a = 13. What are the prime factors of v?
2, 5
Let o(r) = r + 6. Let h be o(-7). What are the prime factors of h/3 - (-28)/12?
2
Suppose 0 = 3*h - 4*a - 12 + 1, 0 = -5*h + 4*a + 13. List the prime factors of 5 - h - (2 + 0).
2
Let v be (12/10)/(4/(-60)). Let d be 4/v - 124/9. Let n = -10 - d. What are the prime factors of n?
2
What are the prime factors of 172*((-45)/(-210) - (-4)/14)?
2, 43
Let d = -11 - -66. List the prime factors of d.
5, 11
What are the prime factors of (-1 - 0)*-18 + 2?
2, 5
Let c(a) = a + 5. Let v be c(-8). Let d(u) = u**2 + 2*u - 1. Let o be d(v). Suppose 70 = -o*t + 7*t. List the prime factors of t.
2, 7
Suppose -124 = -v + 5*h, -4*v + v + 391 = 4*h. What are the prime factors of v?
3, 43
Let o(w) = -w**3 + 5*w**2 + 7*w + 1. Suppose 0*l + 3*l = 5*h - 2, -h + 10 = l. List the prime factors of o(l).
7
Let j be -1 + 0 + 3 - 1. Let r be j + -1 + -2 + 0. Let y = 10 - r. List the prime factors of y.
2, 3
List the prime factors of 1/(3/334) + (-4)/(-6).
2, 7
Suppose 3*i - 22 - 80 = 0. List the prime factors of i.
2, 17
Suppose 4*z + z = 4*t - 175, -85 = -2*t + 3*z. List the prime factors of t.
2, 5
Let l = -8 - -12. Suppose -l = 4*c + 8. Let t(y) = -y + 3. List the prime factors of t(c).
2, 3
Let a = 26 + 23. List the prime factors of a.
7
Let p(l) = 2*l**2. Let b be p(1). Suppose -b*t + 45 = -2*m + m, -5*t + 4*m + 120 = 0. Suppose -t = -g - g. What are the prime factors of g?
2, 5
Let v = -8 + 11. Let q = 0 + v. Suppose -p + 14 = q. What are the prime factors of p?
11
Suppose 0 = c + f - 31, 2*f = -5*c - f + 155. Suppose 3*w - s - c = 0, 3*s = -2*w + 18 - 1. List the prime factors of w.
2, 5
Let t(s) = s**2 - 4*s. Let c be t(4). Suppose -2*o = -c*o - 24. List the prime factors of (-1)/(-3) - (-128)/o.
11
Let r = -11 - -29. List the prime factors of r.
2, 3
Let y(d) = 2*d**3 + 3*d**2 + 2*d + 3. Let m(x) = -x**3 + x**2 - 2. Let j be m(0). Let g be y(j). Let s = g - -11. List the prime factors of s.
2, 3
Suppose 615 - 159 = 2*y. List the prime factors of y.
2, 3, 19
Suppose 6*r - 30 = r. Suppose -5*x + 14 + r = 0, -4*t + 100 = -x. Suppose -3*g + 1 = -t. List the prime factors of g.
3
Let j(u) = -u - 3. Let k = 10 - 17. List the prime factors of j(k).
2
Let i(r) = -12*r - 1. Suppose 0 = -9*o + 4*o - 5. What are the prime factors of i(o)?
11
Let z(o) = -o**3 - 10*o**2 + 6*o + 13. Let v be z(-10). Let f(q) = -q**3 + 5*q**2 + 2*q - 8. Let y be f(6). Let h = y - v. What are the prime factors of h?
3, 5
Let w = -11 - -30. What are the prime factors of w?
19
Suppose 0*x = 3*x. Suppose -3*v + 0*v + 5*n + 38 = x, 0 = -5*v - 5*n + 50. List the prime factors of v.
11
Suppose y + 166 = 3*y. Let n = y - -1. Suppose 2*z = 6*z - n. List the prime factors of z.
3, 7
Suppose 4*h + 15 = -h. List the prime factors of (27/3)/h + 6.
3
Let k be 2/(-1) - -7 - 0. Suppose -4*b + k = 13. Let q = b - -5. What are the prime factors of q?
3
Let a be (-4)/(-1)*(-4)/(-8). Suppose -w + 5*o + 13 + 5 = 0, a*o + 21 = 5*w. Suppose -u = w*u - 32. List the prime factors of u.
2
Let b(o) be the third derivative of -o**6/120 + o**5/30 - o**4/12 + o**3/3 + 2*o**2. Let c be b(2). List the prime factors of (16/c)/(4/(-8)).
2
Let f(z) = -z**3 - z**2 + 1. Let r be f(-2). Suppose -4*h = 3*d - 94, 4*h = r*d - d - 144. What are the prime factors of d?
2, 17
Let z be (-2)/4 - 90/(-12). Let w = -6 - 1. Let r = z - w. List the prime factors of r.
2, 7
Let n be ((0 - 1) + -3)*1. List the prime factors of (10/4)/((-2)/n).
5
Suppose 0 = -3*y + 3*t - 8*t + 15, -4*t = y - 12. What are the prime factors of (1 - y)/((-3)/(-36))?
2, 3
Let q = -367 + 662. What are the prime factors of q?
5, 59
Let m = -70 + 124. Suppose 2*a + a - m = 0. What are the prime factors of a?
2, 3
Suppose 4*p - 336 = -o, -2*p + 31 + 135 = o. List the prime factors of p.
5, 17
Suppose 0 = 3*f - 42. List the prime factors of 1*5/(10/f).
7
Suppose 2*r = -5*v - r + 234, -5*v = -3*r - 216. What are the prime factors of v?
3, 5
Suppose -6 = 2*l, -2*l = -5*n + 3*l + 25. What are the prime factors of ((-3)/n)/(6/(-8))?
2
Let r = -18 + 12. Let d be (-1 + 51/r)*-2. List the prime factors of d/3 + 3/(-9).
2, 3
Let t(f) = f**2 - 4*f + 3. Let r be t(4). Suppose -r*d = -d - 18. What are the prime factors of d?
3
Let r = 17 - 26. Let h(u) = u + 12. Let n be h(r). Suppose 4*f + 0*c - c - 7 = 0, -n*c = -15. List the prime factors of f.
3
Let o = -139 + 307. What are the prime factors of o?
2, 3, 7
Suppose -d + 2*g = 5*g + 13, -2*g = -2*d - 2. Suppose -o + 49 = 5*l, 2 = 4*o + 6. List the prime factors of (48/(-30))/(d/l).
2
Let r = 30 + -21. Let u = r - 0. What are the prime factors of u?
3
Let a = 0 - 2. Let l = a + 4. Suppose -2*f = -l*o - 6, 3*o = -2*o - 4*f + 30. What are the prime factors of o?
2
Let h = 49 + -35. List the prime factors of h + (2 - -1) + -2.
3, 5
Let c = -32 + 64. What are the prime factors of c?
2
Let z = 5 - -31. Let a be z/6*(-20)/(-3). Suppose -4*q + a = -0*q. List the prime factors of q.
2, 5
Suppose 7 + 1 = 4*z. What are the prime factors of z + 22 - (-3 - -6)?
3, 7
Suppose -5*u = 2*l - u - 4, l - 5*u - 23 = 0. Suppose -1 = c - l. What are the prime factors of c?
7
Let f(n) = -5*n - 40. List the prime factors of f(-10).
2, 5
Let b(f) = f - 1. Let r be b(5). List the prime factors of 3*1 + (r - 4).
3
Let l(s) = -s**2 + 6*s - 1. Let b be l(5). Let z = 1 + b. What are the prime factors of 18/z + 4/10?
2
Let r(b) = -b**2 + 4*b - 4. Let o be r(4). What are the prime factors of (-22)/(6/(-3)) - o?
3, 5
Let w be -1 - (1 + (-12)/3). Suppose -p + 17 = w*u, -5*u = -p - 25 - 14. List the prime factors of u.
2
Let q = -311 - -447. What are the prime factors of q?
2, 17
Suppose -64 = -2*t - 2*d, 6*d = 3*t + 3*d - 114. Suppose -11 = -3*o - t. List the prime factors of (18/4)/((-4)/o).
3
Let x be ((-2)/4)/((-1)/2). Let g = 6 - x. What are the prime factors of g?
5
Let j = 1 + 1. Suppose 5*g + m = 1 + 9, -j*g - 3 = -m. List the prime factors of 9 - g*(-1 - 0).
2, 5
Let w(o) = -o**2 + 7*o + 7. Let g be w(7). Let a = -5 + g. Let d = a + 9. What are the prime factors of d?
11
Let m(d) = d + 7. Let n be m(-10). List the prime factors of (-1)/n + 520/24.
2, 11
Let s = -8 + 13. Suppose 32 = s*m + 3*c, -3 = -m - 2*c + 2. What are the prime factors of m?
7
Suppose -5*r + 0*r = -145. Let j = r + -20. What are the prime factors of j?
3
List the prime factors of 1950/24 - 1/4.
3
Suppose 38*b - 76 = 37*b. What are the prime factors of b?
2, 19
Let j(x) = x - 1. Let z be j(3). What are the prime factors of 6*1/z*4?
2, 3
Let v = 1 - -5. Suppose 9*f = v*f. List the prime factors of (1 + f)*-5*-1.
5
Let l be (-63)/28*16/(-6). Let p be (-1 - -4)*l/9. What are the prime factors of (-2)/(-2) - p/(-1)?
3
Let h be (2 - 0)*(-2 + 3). Suppose -4 = -h*p + 8. Suppose -5*k = -2*k - p. What are the prime factors of k?
2
Let n(i) = -20*i + 3. Let w be n(-3). Suppose -y = -4*y + w. List the prime factors of y.
3, 7
Suppose 2*r + 2 = 0, -4*r - 10 = -3*q - 0*r. Suppose 0 = q*n - 5*p - 3, -2*p = n - 25 + 1. What are the prime factors of n?
2, 7
Let v(b) = 8*b**2 + 2*b + 1. Let c be v(-2). Let h(t) = 2*t**2 + 6*t - 7. Let i be h(4). Let k = i - c. List t